lculate the remainder when 441 is divided by 13.
12
Calculate the remainder when 507 is divided by 116.
43
Calculate the remainder when 177 is divided by 18.
15
What is the remainder when 304 is divided by 67?
36
Calculate the remainder when 977 is divided by 241.
13
Calculate the remainder when 2435 is divided by 45.
5
Calculate the remainder when 167 is divided by 84.
83
What is the remainder when 1081 is divided by 267?
13
What is the remainder when 43 is divided by 41?
2
Calculate the remainder when 403 is divided by 68.
63
What is the remainder when 1396 is divided by 128?
116
Calculate the remainder when 302 is divided by 6.
2
Calculate the remainder when 589 is divided by 6.
1
Calculate the remainder when 143 is divided by 9.
8
Calculate the remainder when 106 is divided by 45.
16
Calculate the remainder when 556 is divided by 40.
36
Calculate the remainder when 210 is divided by 57.
39
What is the remainder when 177 is divided by 30?
27
What is the remainder when 1248 is divided by 35?
23
What is the remainder when 793 is divided by 114?
109
Calculate the remainder when 5559 is divided by 793.
8
What is the remainder when 1728 is divided by 19?
18
What is the remainder when 1732 is divided by 161?
122
Calculate the remainder when 702 is divided by 141.
138
What is the remainder when 165 is divided by 37?
17
Calculate the remainder when 988 is divided by 67.
50
What is the remainder when 33345 is divided by 28?
25
What is the remainder when 555 is divided by 104?
35
What is the remainder when 2468 is divided by 206?
202
Calculate the remainder when 183 is divided by 6.
3
Calculate the remainder when 130 is divided by 15.
10
What is the remainder when 3216 is divided by 22?
4
What is the remainder when 1059 is divided by 152?
147
Calculate the remainder when 136 is divided by 116.
20
What is the remainder when 14831 is divided by 36?
35
What is the remainder when 1311 is divided by 17?
2
What is the remainder when 897 is divided by 60?
57
What is the remainder when 97 is divided by 22?
9
What is the remainder when 845 is divided by 55?
20
What is the remainder when 3222 is divided by 54?
36
What is the remainder when 5120 is divided by 9?
8
Calculate the remainder when 211 is divided by 199.
12
Calculate the remainder when 1978 is divided by 11.
9
What is the remainder when 3125 is divided by 3117?
8
What is the remainder when 3004 is divided by 37?
7
Calculate the remainder when 29 is divided by 22.
7
What is the remainder when 1102 is divided by 48?
46
Calculate the remainder when 1507 is divided by 26.
25
Calculate the remainder when 2565 is divided by 116.
13
What is the remainder when 4674 is divided by 28?
26
What is the remainder when 3253 is divided by 5?
3
Calculate the remainder when 97 is divided by 9.
7
Calculate the remainder when 651 is divided by 176.
123
Calculate the remainder when 233 is divided by 23.
3
Calculate the remainder when 430 is divided by 8.
6
Calculate the remainder when 14131 is divided by 11.
7
Calculate the remainder when 4449 is divided by 89.
88
What is the remainder when 1566 is divided by 319?
290
Calculate the remainder when 209 is divided by 35.
34
Calculate the remainder when 117 is divided by 43.
31
Calculate the remainder when 250 is divided by 39.
16
Calculate the remainder when 676 is divided by 166.
12
Calculate the remainder when 605 is divided by 180.
65
Calculate the remainder when 231 is divided by 14.
7
What is the remainder when 1638 is divided by 47?
40
Calculate the remainder when 16 is divided by 5.
1
Calculate the remainder when 876 is divided by 50.
26
Calculate the remainder when 149 is divided by 33.
17
What is the remainder when 128 is divided by 58?
12
Calculate the remainder when 177 is divided by 36.
33
What is the remainder when 5 is divided by 2?
1
Calculate the remainder when 1622 is divided by 58.
56
What is the remainder when 331 is divided by 19?
8
What is the remainder when 5 is divided by 5?
0
What is the remainder when 833 is divided by 254?
71
Calculate the remainder when 55 is divided by 14.
13
Calculate the remainder when 490 is divided by 80.
10
Calculate the remainder when 6194 is divided by 58.
46
Calculate the remainder when 6962 is divided by 155.
142
Calculate the remainder when 2788 is divided by 155.
153
What is the remainder when 104 is divided by 80?
24
What is the remainder when 9609 is divided by 36?
33
What is the remainder when 111 is divided by 40?
31
What is the remainder when 196 is divided by 98?
0
Calculate the remainder when 954 is divided by 122.
100
Calculate the remainder when 180 is divided by 33.
15
Calculate the remainder when 2021 is divided by 78.
71
Calculate the remainder when 97 is divided by 11.
9
Calculate the remainder when 134 is divided by 14.
8
What is the remainder when 164 is divided by 29?
19
What is the remainder when 274 is divided by 216?
58
What is the remainder when 159 is divided by 142?
17
Calculate the remainder when 18756 is divided by 8.
4
What is the remainder when 2351 is divided by 333?
20
Calculate the remainder when 1615 is divided by 113.
33
What is the remainder when 393 is divided by 184?
25
What is the remainder when 68 is divided by 20?
8
What is the remainder when 124 is divided by 7?
5
Calculate the remainder when 8777 is divided by 6.
5
What is the remainder when 2405 is divided by 397?
23
Calculate the remainder when 1869 is divided by 305.
39
What is the remainder when 568 is divided by 64?
56
Calculate the remainder when 204 is divided by 91.
22
What is the remainder when 3273 is divided by 88?
17
What is the remainder when 938 is divided by 78?
2
What is the remainder when 120 is divided by 37?
9
What is the remainder when 505 is divided by 3?
1
Calculate the remainder when 1890 is divided by 186.
30
Calculate the remainder when 337 is divided by 31.
27
Calculate the remainder when 524 is divided by 75.
74
What is the remainder when 155 is divided by 28?
15
What is the remainder when 3931 is divided by 23?
21
What is the remainder when 859 is divided by 55?
34
Calculate the remainder when 128 is divided by 44.
40
Calculate the remainder when 2951 is divided by 82.
81
Calculate the remainder when 9134 is divided by 45.
44
What is the remainder when 159 is divided by 83?
76
Calculate the remainder when 10469 is divided by 30.
29
What is the remainder when 135 is divided by 13?
5
What is the remainder when 126 is divided by 19?
12
What is the remainder when 510 is divided by 9?
6
What is the remainder when 14519 is divided by 30?
29
Calculate the remainder when 1385 is divided by 175.
160
Calculate the remainder when 138 is divided by 24.
18
Calculate the remainder when 765 is divided by 757.
8
Calculate the remainder when 89 is divided by 48.
41
Calculate the remainder when 992 is divided by 66.
2
Calculate the remainder when 907 is divided by 91.
88
Calculate the remainder when 283 is divided by 58.
51
Calculate the remainder when 248 is divided by 17.
10
Calculate the remainder when 722 is divided by 22.
18
Calculate the remainder when 254 is divided by 44.
34
What is the remainder when 3197 is divided by 41?
40
What is the remainder when 93 is divided by 51?
42
What is the remainder when 2687 is divided by 13?
9
Calculate the remainder when 21647 is divided by 25.
22
What is the remainder when 46656 is divided by 481?
480
Calculate the remainder when 375 is divided by 10.
5
Calculate the remainder when 132 is divided by 28.
20
Calculate the remainder when 1133 is divided by 106.
73
What is the remainder when 47 is divided by 4?
3
Calculate the remainder when 543 is divided by 55.
48
What is the remainder when 1467 is divided by 147?
144
Calculate the remainder when 459 is divided by 42.
39
Calculate the remainder when 945 is divided by 472.
1
Calculate the remainder when 90 is divided by 31.
28
Calculate the remainder when 57 is divided by 12.
9
What is the remainder when 565 is divided by 21?
19
Calculate the remainder when 87 is divided by 18.
15
What is the remainder when 754 is divided by 33?
28
Calculate the remainder when 701 is divided by 54.
53
What is the remainder when 585 is divided by 21?
18
What is the remainder when 9 is divided by 8?
1
What is the remainder when 559 is divided 